2*k + 0. Calculate v(m).
7
Let i(h) be the first derivative of -5/2*h**2 + 2 + h. Give i(-6).
31
Let q(n) = n**2 + 6*n + 9. Let a be q(-6). Let c(o) = -a*o - 11*o - 29 + 10 + 14*o. Let b be c(-4). Let p(k) = -k**3 + 5*k**2 - k + 4. Determine p(b).
-1
Let f(x) = 391*x - 788. Let m be f(2). Let g(z) = -z**2 - 6*z - 2. Give g(m).
-2
Suppose 0 = 9*x - 11*x. Let v(b) = x - 23*b + 1 + b**2 + 18*b. Suppose -3 = -5*c + 22. Give v(c).
1
Let m(v) be the first derivative of -v**2 + 3*v**2 + 119 + 0*v**2 - v**2 - 12*v - 2*v**2. What is m(-5)?
-2
Let x be (-132)/(-72) + -2 + (-25)/(-6). Let u(b) = 70*b - 284. What is u(x)?
-4
Let j(x) = x**2 - 11*x - 2. Let g(a) = -2*a**2 + 2. Let i(m) = 2*g(m) + j(m). Calculate i(-5).
-18
Let l(m) = m. Let c(u) = -3*u + 13. Let r(q) = c(q) + 6*l(q). Let s(o) = 7*o + 23. Let z(g) = 7*r(g) - 4*s(g). What is z(-2)?
13
Let t(f) = -125*f - 12. Let w(n) = -43*n - 5. Let g(v) = 3*t(v) - 8*w(v). What is g(2)?
-58
Let i(l) = l**2 + 14*l + 14. Suppose 0 = 2*o + f + 32, 14*f + 76 = -4*o + 18*f. Calculate i(o).
65
Let u(p) = -256*p + 47. Let d(l) = 358*l - 70. Let t(c) = -5*d(c) - 7*u(c). Give t(-18).
-15
Let g(s) = -4*s**3 - 16*s - 3. Let a(l) = 3*l**3 + l**2 + 14*l + 4. Let w(v) = 6*a(v) + 5*g(v). Give w(4).
-7
Let z(f) = -f**3 - 37*f**2 - 69*f + 74. Let v = 25857 - 25892. Determine z(v).
39
Suppose 2*n - 10 = -4. Let p(w) = -n + 3 - 7*w + 11*w. Suppose -x + 1 + 0 = 0, 0 = 3*k - 4*x + 10. Give p(k).
-8
Let g be 23/5 + (-11)/(275/(-10)). Let w(b) be the third derivative of b**4/24 - b**3/6 + b**2 - 2*b. Calculate w(g).
4
Let x(i) be the third derivative of -i**6/120 + i**5/30 + i**4/24 + i**3/2 - 26*i**2 - 7. What is x(3)?
-3
Let t(p) = -p**3 - 10*p**2 + 7*p - 21. Let w be -6 - (-1 + -2 + (-1)/(-1) + 7). Calculate t(w).
23
Let l(c) = -c**2 + 5*c - 15. Suppose -6*d - 2*a + 52 = 0, -3*a = -5*a + 10. What is l(d)?
-29
Let r(m) = 183*m + m**2 + 2 + 13 - 11 - 173*m. Give r(-10).
4
Let d(u) = -u**3 - u**2 - u + 43. Let o be (0 - (-9 - -6)) + (-5 - 4 - -6). What is d(o)?
43
Let q(b) = -3*b**2 - 8*b + 7. Let k(c) = -2*c**2 - 4*c + 4. Let t(p) = -7*k(p) + 4*q(p). Let a be (-7)/(-7) + ((-15)/10)/((-3)/4). Calculate t(a).
6
Let j = 637 - 633. Let q(l) = -l**2 + 3*l - 10. Determine q(j).
-14
Let d(v) = 28*v. Let g(k) = k**2 + k - 1. Let f(w) = 5*w**2 + 4*w - 6. Let i(o) = -2*f(o) + 11*g(o). Let x be i(-3). Determine d(x).
28
Let p(c) be the first derivative of -c + 3/2*c**2 - 36. What is p(2)?
5
Suppose -5 = i + 35. Let s be (-1*2)/(16/i). Let l(a) = a**2 + 19*a. Let f(c) = -5*c**2 - 71*c + 7. Let h(d) = f(d) + 4*l(d). What is h(s)?
7
Let f(o) be the first derivative of -3*o**2/2 - 45*o + 3883. What is f(-4)?
-33
Let b(w) = w**3 + 7*w**2 + 3*w - 14. Let m(z) = -270*z + 2694. Let r be m(10). Calculate b(r).
4
Suppose -3*v + 4*k = 52, -4*k - 2 = -4*v - 66. Suppose 0 = h - 16 + 214. Let i be v/(-102) - h/51. Let y(m) = 2*m - 3. Give y(i).
5
Let k(b) be the second derivative of 1/12*b**4 + 2*b + 2*b**2 - 1/2*b**3 + 0. Calculate k(5).
14
Let b(q) = q**2 - 6*q + 2. Let k = 25 + -32. Let r be 31/3 - (k/3)/(-7). Let g be 52/r - (-44)/55. Determine b(g).
2
Let c = 16 - 8. Let t be (c/(-6))/(12/18). Let f(b) = 91*b - 15 - 181*b + 17 + 98*b. Determine f(t).
-14
Let b(v) be the first derivative of -9*v**2/2 - 18*v - 356. What is b(4)?
-54
Let l(p) = -20*p**2 - 29*p. Let j(w) = -w**2 + 27*w - 163. Let u be j(12). Let r(o) = 7*o**2 + 10*o. Let n(v) = u*r(v) + 6*l(v). What is n(-4)?
0
Let p(k) = 2312 - 1152 - 1155 - 16*k. Determine p(4).
-59
Let t(c) = 5*c**2 - 10*c + 53. Let a(n) = n**2 - 3*n + 2. Let g(i) = -6*a(i) + t(i). Give g(-4).
-7
Let r = -2085 - -2077. Let o = 16 + -25. Let i = r - o. Let s(k) = 4*k + 1. Determine s(i).
5
Let a be 100 - 0*((-21)/6)/(-7). Let t(s) = 1 + s**3 + 39*s**2 + 31*s**2 - a*s**2 - s + 33*s**2. What is t(-4)?
-11
Let z(d) = d**2 + 6*d + 2. Let m be z(-6). Let o(p) = -4 - 1 + m - p. Let w(k) = -3*k**2 - 300*k + 7194. Let r be w(20). Calculate o(r).
3
Let a be 35/(-3) - (-280)/168. Let v(d) = -d**3 - 10*d**2 - d - 14. Determine v(a).
-4
Let b be -6 + 9 - (-7 - -1)/2. Let m(u) = -u - 1. Let p(y) = -y - 1. Let r(q) = b*p(q) - 7*m(q). What is r(-3)?
-2
Let t(c) = -10*c**2 - 14*c - 170*c**3 + 161*c**3 + 5*c - 1. Let r(f) = 7*f**3 + 9*f**2 + 8*f. Let h(v) = -4*r(v) - 3*t(v). Suppose 5*p + 15 = 2*p. What is h(p)?
3
Let q(f) be the third derivative of 32 - f**2 + 0*f + 5/12*f**4 - 2/3*f**3. Calculate q(-4).
-44
Let s(t) = t**3 - 5*t**2 + 3*t - 18. Let h(f) = -9*f**2 + 230*f + 108. Let w be h(26). Determine s(w).
-22
Let s(y) be the second derivative of -y**5/20 - y**4/6 - y**3/6 + y**2 - 3341*y. Suppose j + u + 1 = -3, -2*j - 7 = u. Give s(j).
14
Let o be (2/6)/(1*(-3)/126). Let q(h) = 16*h + 230. Let c be q(o). Let s(z) = 0*z + 2 + z**2 - 7*z + 7. Determine s(c).
3
Let m = -40 + 42. Let n(x) = x + 2. Let p be n(7). Let h(o) = p*o - 4*o - m*o. What is h(2)?
6
Let w(v) = -v**2 + 2. Let p be (63/28)/((-3)/(-132)). Let x = -88 + p. Suppose 2*g - 2 = 2*y, -4*g = y - 0 + x. What is w(y)?
-7
Suppose a + 4*a + 48 = 4*y, 4*y - 44 = 4*a. Let j be ((-7)/y)/(-4*(-4)/112). Let q(o) = 2*o + 2 + 2 + 5 + 0*o. Determine q(j).
-5
Suppose -3*j = 2*j - 35. Let m(c) = -23 + 3*c + 2 - 2 + 0 + 15. Give m(j).
13
Let m(c) be the first derivative of c**3/3 - 15*c**2/2 + 3*c - 347. Determine m(8).
-53
Let j(r) = -8*r**2 - 22*r - 16. Let k(s) be the third derivative of s**5/30 + 5*s**4/24 + 2*s**3/3 + 69*s**2. Let m(d) = 2*j(d) + 9*k(d). Calculate m(-3).
19
Let l(g) = -5*g**2 - g. Let m = -3 - -9. Suppose -3*y + m = 15. Let n be -1*(-6 - y - -2). What is l(n)?
-6
Suppose 7 = 4*g - 1. Let f(i) = 8*i**3 + 8*i**2 + 17*i + 5. Let l(x) = -13*x**3 - 12*x**2 - 27*x - 8. Let r(n) = -11*f(n) - 7*l(n). Determine r(g).
13
Let f be (-2 - (13 + -15))/(-3). Let g(h) be the third derivative of -1/6*h**3 - 5*h**2 + f*h - 1/30*h**5 + 0 - 1/12*h**4 - 1/40*h**6. Calculate g(-1).
2
Let j(v) = -28*v + 638. Let x be j(23). Let s(w) = w**2 + 6*w + 13. What is s(x)?
13
Let h(u) be the second derivative of -u**3/6 - u**2/2 - u. Let o(z) = -89*z - 173. Let d be o(-2). Suppose -y - 4 = -d. Give h(y).
-2
Let x(z) = z**2 - 2*z + 4. Let q(d) = -2*d**2 - 24*d - 61. Let u be (-80)/(-25)*((-18)/4 - -2). Let j be q(u). What is x(j)?
7
Let w(t) be the third derivative of t**6/60 + 8*t**5/15 - t**4/12 - 20*t**3/3 - 14*t**2 + 6*t. Let u be w(-16). Let m(p) = 4*p + 10. Give m(u).
-22
Let t(i) = -210 + 627 - 212 - 200 + 11*i. What is t(-5)?
-50
Let v = -4636 + 4630. Let p(h) = -h**3 - 3*h**2 + 11*h - 10. Give p(v).
32
Let k(b) = -5*b - 18. Let w be k(-4). Suppose 3 + 1 = w*s. Let i(d) = 1 - 3 + 3 + d**3 - 3*d**2. Calculate i(s).
-3
Let c(b) = 2*b**3 - 1. Suppose 0 = -5*g + 120 - 20. Let p be 64/20 + (-4)/g. Let s be p/((-2)/(-4)*6). Give c(s).
1
Let c(q) = q**2 - 3*q - 5. Let b be c(5). Let r(s) = s**2 - 6*s + 2. Let x be r(b). Let k be x + (3 - 1/(-1)). Let o(u) = 5*u**3 + u**2 - u + 1. Calculate o(k).
6
Let q = 130 - 127. Let c(v) = -4*v + 68*v**2 - v**q - 7 - 31*v**2 - 31*v**2. Determine c(6).
-31
Let a(d) = -d + 5. Let m = 0 - 98. Let j = 108 + m. Calculate a(j).
-5
Suppose -2*a - 5 = -6*a - l, -5*a - 2*l + 10 = 0. Suppose -1 = 5*g - 4*y - 7, -y - 5 = -3*g. Let t(z) = 2*z - z**g + 0*z - z + 5 + 0*z. Determine t(a).
5
Let q(c) = 29*c**2 - 20*c - 176. Let b(i) = 10*i**2 - 7*i - 62. Let p(t) = 17*b(t) - 6*q(t). What is p(-1)?
-3
Suppose 9*u - 448 = -24*u - 23*u. Let z(r) = -43*r + 333. Determine z(u).
-11
Let y(d) be the second derivative of -5/6*d**3 + 0 - 3/2*d**2 + 178*d - 1/12*d**4. What is y(-4)?
1
Suppose -3*b + 24 = -0*b. Suppose -16 = -b*w - 0. Let d(r) = -3 + 3 - 3 + w*r. Calculate d(4).
5
Let j(i) = 2*i - 16. Let t be (24 + -6)/(-6) + 689. Suppose -t*u = -692*u. Calculate j(u).
-16
Let r be 47 + (-208)/6 + 8/(-6) + 1. Let c(p) = p**2 - 18*p + 62. Determine c(r).
-10
Let h(i) = 18*i + 20. Let p be h(-1). Let g(d) = 3*d**p + 8*d - 13*d**2 + 5 + 3*d**2 + 8*d**2. Determine g(-8).
5
Let t(j) = -7*j**3 + 7*j**2 + 4. Let d(x) = -15*x**3 + 18*x**2 + 2*x + 9. Let r(l) = -2*d(l) + 5*t(l). Calculate r(2).
-50
Let i(s) = 3*s - 15. Suppose 3*l = -d + 68, -3*l + 3*d + 118 = 2*l. Suppose t - l = -3*n, t = 3*n - t - 8. Calculate i(n).
3
Let k(t) = -7*t**2 + 656*t - 4647. Let v be k(86). Let h(b) = b*